Let q = g + -2. What is the units digit of q?
4
What is the tens digit of 327 - 1/(-3 + (-16)/(-4))?
2
Let p = -5 + 5. Suppose p = -z + 5 + 19. What is the units digit of z?
4
Let s = 5 - 4. Suppose -r + s = 3*o - 2, -4 = -2*r - 4*o. Suppose -n + 7 = -r*n - p, 0 = 4*p - 4. What is the units digit of n?
8
Let u(t) = t**2 + 14*t - 12. Let i be u(-15). What is the tens digit of (47 + i)*(0 - -1)?
5
Let w = 9 + -29. Let n = w + 29. What is the units digit of n?
9
Suppose -512 = -2*r + 4*d, -5*d = -5*r + 424 + 851. What is the tens digit of r?
5
Let y(w) = 10*w - 17. What is the units digit of y(9)?
3
Let g(q) be the third derivative of -1/2*q**3 + 0 + 0*q - 3*q**2 + 1/24*q**4. What is the units digit of g(5)?
2
Let l be 3/(-15) - 92/(-10). Suppose -j + 4 = -l. What is the tens digit of j?
1
Suppose -k + v - 16 = -3*v, v = k + 4. Suppose 5*l - 91 - 9 = k. What is the tens digit of l?
2
Let f = 2 - -2. Let m(s) = s**2 - 4*s + 1. What is the units digit of m(f)?
1
Let s be 4/(-10) - 84/(-35). Let p be s*1 + (-3 - -5). Suppose -5*h + p = -h. What is the units digit of h?
1
Let t = -15 - -22. Suppose 0 = -l + t + 8. What is the tens digit of l?
1
Suppose -z - 5*n = -1, -z - 4*z - 4*n = -5. Suppose k - 4*q = -k + 10, z = -q. Suppose 7*y = k*y + 12. What is the units digit of y?
3
Suppose 3*o = 1 + 8. Suppose -4*g - 4*t + 8 = 0, 4*g = -g + 3*t - 14. Let w = o - g. What is the units digit of w?
4
What is the tens digit of ((-8)/(-3))/(6/27)?
1
Suppose 5*p = -14 + 49. Let s(x) = 2*x - 1. What is the units digit of s(p)?
3
Let i(l) = -l**2 + 9*l - 2. Let t be i(6). Suppose -3*n = n + t, 2*n = 4*h + 4. Let w = -1 - h. What is the units digit of w?
2
Suppose 5*k - 8 = i, -5*k + 3 = -7. Suppose -3*q + i*x = -3*x - 45, 0 = 3*q - 3*x - 51. What is the tens digit of q?
2
Suppose 7*v = 3*v. Suppose -2*k + v*u = u - 26, 0 = -5*u + 10. What is the units digit of k?
2
Suppose -4*x - 3*o + 33 + 2 = 0, 0 = 5*x - o - 39. What is the units digit of x?
8
Let g(l) = l**3 - 7*l**2 - 8*l + 12. Let p = -12 + 20. Let f be g(p). Let o = f - 5. What is the units digit of o?
7
Let i = 13 - 4. Let y(x) = x - 7. Let z be y(12). Let u = i - z. What is the units digit of u?
4
Suppose 63*x - 69*x + 162 = 0. What is the units digit of x?
7
Let p be 6/10 + (-237)/(-5). Let r be (-2)/5 + p/20. Suppose -f + 42 = 5*l + r*f, -2*l + 8 = -f. What is the units digit of l?
6
Suppose 3*a + 4*w = 16, -3*a = -4*w - 38 + 6. What is the units digit of a?
8
Suppose 2*s = -1 + 5. Suppose 11 = 3*z + s. Suppose z*h = 22 - 4. What is the units digit of h?
6
Suppose -7*a + 4*a = -126. What is the units digit of a?
2
Suppose -2*x = -4*x + 4*h + 22, 0 = 5*x - 2*h - 23. Suppose -8 = -y - x*y. Let j = y + -1. What is the units digit of j?
1
Suppose 0 = 3*g - 0 - 6. Suppose -g*c + 7 + 5 = 0. What is the units digit of c?
6
Let u(s) = -2*s - 4. Let v be u(-3). Suppose -h + v*h - 2 = 0. Suppose 3*n - 2*f + 8 = 5*n, -f + 7 = h*n. What is the units digit of n?
3
Let g(n) = 1. Let d(p) = 16*p. Let w(m) = -d(m) - g(m). What is the units digit of w(-1)?
5
Suppose 92 = 3*a + 17. What is the tens digit of a?
2
Let o = -22 + 27. Suppose o*u = -4*d + 3*d + 210, d = u - 42. What is the units digit of u?
2
Let i(d) = -5*d**2 - 13*d + 8. Let k be i(-6). Let f = -66 - k. What is the tens digit of f?
2
Let w(c) = c**3 - 9*c**2 + 11*c - 8. Suppose 0*f - 2*f - 5*m = 9, 2*f = -m + 11. Let v be w(f). Suppose 0 = -d - 3*d + v. What is the units digit of d?
4
Suppose -4*r - 248 = -3*d, 3*d + d - 337 = -r. Suppose -2*g - d = -5*g. What is the tens digit of g?
2
What is the units digit of (82/(-4))/(10/(-20))?
1
Suppose -226 = -4*u + 62. What is the units digit of u?
2
Let n(m) = -2*m + 4. Let d be n(2). Let s be (0 + (-10)/(-2))/(-1). What is the units digit of d + -1 - (-11 - s)?
5
Let j be -16*(-2)/(2/1). Let p = j - -11. What is the tens digit of p?
2
Suppose -4*r - 12 = 2*t, 5*t = r + 3*r + 26. Let j = r - -8. Suppose 3*p + j*d - 23 = 1, -5*p + 40 = -4*d. What is the units digit of p?
8
Suppose -4*v + 7 + 13 = 0. Suppose 8*l - 5*l - 4*s = 116, -v*l = -s - 182. What is the tens digit of l?
3
Suppose 0*z - 74 = -5*z - i, 3*z - 3*i - 48 = 0. Let o = z + -10. Suppose -n + o = 2. What is the units digit of n?
3
Let h be ((-10)/8)/(1/(-4)). Suppose 3 = -h*p - w - 0, 0 = p - 5*w + 11. What is the units digit of 1 - 0*(-2 - p)?
1
Let m(n) = 3*n. Let t be m(1). Suppose t*s - 9 - 33 = 0. What is the units digit of s?
4
Suppose -20*s = -15*s - 1315. What is the units digit of s?
3
Let y = -24 - -18. Let o(h) = -4*h + 8. What is the units digit of o(y)?
2
Let b(u) = -6*u**2 - 4*u - 1. Let y(t) = -t + 1. Let n(h) = -b(h) + 2*y(h). What is the tens digit of n(-2)?
2
Suppose i = -i + 88. Let j be 2/(-11) - (-272)/i. Suppose 5*a - 70 = 5*m, j*m + 65 = 5*a + 2*m. What is the units digit of a?
9
Suppose -114 + 28 = -2*o. What is the tens digit of o?
4
Suppose -28 = -2*j - 2*v, 0*v = -2*j - 4*v + 22. What is the tens digit of j?
1
Suppose 3*r + 0 = 3. What is the tens digit of 93/1*r/3?
3
Let i = 63 - 39. What is the units digit of i?
4
Let c(y) = y + 36. What is the units digit of c(-12)?
4
Let b(i) = -2*i - 1. Let j be b(-2). Suppose 0 = -j*g + 6*g - 63. What is the tens digit of g?
2
Suppose -2*q + 3 = 3*n, 2*q + 2*n - 6 = -0*q. Let s be q/4*12/9. Suppose -3*p + s = -7. What is the units digit of p?
3
Let y be (-5)/(-5) + 2/2. Suppose -1 = -y*v + v. What is the units digit of ((-6)/4)/(v/(-4))?
6
Suppose 2*z = 3*z - 5*p - 98, p = 5*z - 394. Suppose 4*l - l = 4*k - z, 5*k + l - 107 = 0. What is the tens digit of k?
2
Let c = -131 + 267. What is the tens digit of c?
3
Suppose 0 = -4*u - 0*u. Suppose u = -y + 3 - 1. What is the units digit of y?
2
Let c be (-2 + 2)*(-2)/4. Let n be c - 2/((-2)/9). Suppose 5*q - n = 21. What is the units digit of q?
6
Let n = -8 + 13. Suppose -n*b + 50 = 5*j, -2*b + 22 + 18 = 4*j. What is the tens digit of j?
1
Let p be (3 + 0)/((-1)/3). Let w = p + 15. What is the tens digit of 4/w + 68/6?
1
Let q(p) = 7*p + 5 - 9 + 6 + 0*p. What is the units digit of q(3)?
3
Suppose -k + 15 = 5*i, -4*k - 4*i + 48 = -92. Let c = k - 6. Let t = c - 21. What is the units digit of t?
3
What is the tens digit of -4 + 10/6*15?
2
Suppose -68 = -2*n - 20. Suppose -n = -4*q + 16. What is the tens digit of q?
1
Let r(w) = -4*w. Let j(z) = -z**3 - z**2 + z + 5. Let q be j(0). Suppose a + 15 = -2*a, 3*a = q*i. What is the units digit of r(i)?
2
Let i be (28/8 - 4)*4. What is the units digit of 2/((-29)/(-14) + i)?
8
Let t(x) = 219*x**2 - 3*x. What is the hundreds digit of t(1)?
2
Let j(h) = -h**3 + 8*h**2 - 5*h - 10. Suppose 4 = 3*w - r - 12, 5*w = 4*r + 15. Let d be j(w). Let c = d - -4. What is the units digit of c?
8
Let l = 111 - 55. What is the units digit of l?
6
Suppose 0 = -2*m - 4*b + 12, -5*b + b = m - 10. Let l be (-1)/(m/(-30))*1. What is the units digit of 4 + -2 - -1*l?
7
Let s(x) = 83*x + 21. What is the hundreds digit of s(2)?
1
Suppose -3*p - 6 = -4*f, -2*p - 10 = -2*f + 3*p. Suppose -3*g + 17 = -4*q - f, 0 = 5*g - 5*q - 30. Let c = 8 - g. What is the units digit of c?
1
Let z = 12 + 9. What is the units digit of z?
1
What is the units digit of (-141)/(-4) - -4*12/64?
6
Let h be (-27)/5 + (-2)/(-5). What is the tens digit of h/((-20)/(-8)) + 23?
2
Suppose 5*d + 2*t - 37 = 0, -3*d + 0*t - 3*t = -24. What is the units digit of d?
7
Suppose -1 = -5*j - 26. Let z = j + 7. Suppose q - z*q + 4*k = 0, 5*q + 2*k = 44. What is the units digit of q?
8
Let l(d) = 16*d + 13. What is the units digit of l(3)?
1
Let w = 14 + -14. What is the units digit of 3 + (3 + -3 - w)?
3
Suppose 4*d - r = 571, -4*r + 155 = d - 9. What is the tens digit of d?
4
Let i(a) = 6*a - 5. Suppose 9 - 1 = -y - 3*u, 4*y + 4*u = 0. Let x be i(y). Let g = x + -12. What is the units digit of g?
7
Suppose -4*o + 241 = p, -3*p + 12 = -3. Suppose -4*y + 29 = -o. What is the units digit of y?
2
Let r = 38 - 13. What is the tens digit of r?
2
Let j = 135 + -109. What is the units digit of j?
6
Suppose -48*w = -46*w - 486. What is the units digit of w?
3
Let w(q) = q**3 - 2*q**2 + 4*q - 3. Let p be w(2). Suppose 0*j + p*j = 50. Suppose 0*f - j = -2*f. What is the units digit of f?
5
Let k(c) = c. Let d be k(0). Suppose o - 23 = -d. Suppose -3*h + 0*g + 35 = -g, 3*h 